{"id":462,"date":"2016-02-04T19:22:16","date_gmt":"2016-02-04T18:22:16","guid":{"rendered":"http:\/\/vsscheibbs.ac.at\/wp\/?page_id=462"},"modified":"2016-02-04T19:28:36","modified_gmt":"2016-02-04T18:28:36","slug":"minus-zr-10-automatisationskaertchen","status":"publish","type":"page","link":"https:\/\/vsscheibbs.ac.at\/?page_id=462","title":{"rendered":"Minus-ZR10-Automatisationsk\u00e4rtchen"},"content":{"rendered":"<h6><a href=\"https:\/\/vsscheibbs.ac.at\/wp\/wp-content\/uploads\/2016\/02\/Automatisationsk%C3%A4rtchen-ZR10-Minusrechnungen-mit-0.pdf\" target=\"_blank\"><img loading=\"lazy\" decoding=\"async\" class=\"alignnone wp-image-396 size-full\" src=\"https:\/\/vsscheibbs.ac.at\/wp\/wp-content\/uploads\/2016\/02\/Adobe_PDF_file_icon_32x32.png\" alt=\"Adobe_PDF_file_icon_32x32\" width=\"32\" height=\"32\" \/><\/a> <a href=\"https:\/\/vsscheibbs.ac.at\/wp\/wp-content\/uploads\/2016\/02\/Automatisationsk\u00e4rtchen-ZR10-Minusrechnungen-mit-0.pdf\" target=\"_blank\" rel=\"\">Automatisationsk\u00e4rtchen-ZR10-Minusrechnungen mit 0<\/a><\/h6>\n<h6><a href=\"https:\/\/vsscheibbs.ac.at\/wp\/wp-content\/uploads\/2016\/02\/Automatisationsk%C3%A4rtchen-ZR10-Minusrechnungen-mit-1.pdf\" target=\"_blank\"><img loading=\"lazy\" decoding=\"async\" class=\"alignnone wp-image-396 size-full\" src=\"https:\/\/vsscheibbs.ac.at\/wp\/wp-content\/uploads\/2016\/02\/Adobe_PDF_file_icon_32x32.png\" alt=\"Adobe_PDF_file_icon_32x32\" width=\"32\" height=\"32\" \/><\/a> <a href=\"https:\/\/vsscheibbs.ac.at\/wp\/wp-content\/uploads\/2016\/02\/Automatisationsk\u00e4rtchen-ZR10-Minusrechnungen-mit-1.pdf\" target=\"_blank\" rel=\"\">Automatisationsk\u00e4rtchen-ZR10-Minusrechnungen mit 1<\/a><\/h6>\n<h6><a href=\"https:\/\/vsscheibbs.ac.at\/wp\/wp-content\/uploads\/2016\/02\/Automatisationsk%C3%A4rtchen-ZR10-Minusrechnungen-Fingerbilder.pdf\" target=\"_blank\"><img loading=\"lazy\" decoding=\"async\" class=\"alignnone wp-image-396 size-full\" src=\"https:\/\/vsscheibbs.ac.at\/wp\/wp-content\/uploads\/2016\/02\/Adobe_PDF_file_icon_32x32.png\" alt=\"Adobe_PDF_file_icon_32x32\" width=\"32\" height=\"32\" \/><\/a> <a href=\"https:\/\/vsscheibbs.ac.at\/wp\/wp-content\/uploads\/2016\/02\/Automatisationsk\u00e4rtchen-ZR10-Minusrechnungen-Fingerbilder.pdf\" target=\"_blank\" rel=\"\">Automatisationsk\u00e4rtchen-ZR10-Minusrechnungen-Fingerbilder<\/a><\/h6>\n<h6><a href=\"https:\/\/vsscheibbs.ac.at\/wp\/wp-content\/uploads\/2016\/02\/Automatisationsk%C3%A4rtchen-ZR10-Minusrechnungen-Paerchen.pdf\" target=\"_blank\"><img loading=\"lazy\" decoding=\"async\" class=\"alignnone wp-image-396 size-full\" src=\"https:\/\/vsscheibbs.ac.at\/wp\/wp-content\/uploads\/2016\/02\/Adobe_PDF_file_icon_32x32.png\" alt=\"Adobe_PDF_file_icon_32x32\" width=\"32\" height=\"32\" \/><\/a> <a href=\"https:\/\/vsscheibbs.ac.at\/wp\/wp-content\/uploads\/2016\/02\/Automatisationsk\u00e4rtchen-ZR10-Minusrechnungen-Paerchen.pdf\" target=\"_blank\" rel=\"\">Automatisationsk\u00e4rtchen-ZR10-Minusrechnungen-Paerchen<\/a><\/h6>\n<h6><a href=\"https:\/\/vsscheibbs.ac.at\/wp\/wp-content\/uploads\/2016\/02\/Automatisationsk%C3%A4rtchen-ZR10-Minus-Zehnerrechnungen.pdf\" target=\"_blank\"><img loading=\"lazy\" decoding=\"async\" class=\"alignnone wp-image-396 size-full\" src=\"https:\/\/vsscheibbs.ac.at\/wp\/wp-content\/uploads\/2016\/02\/Adobe_PDF_file_icon_32x32.png\" alt=\"Adobe_PDF_file_icon_32x32\" width=\"32\" height=\"32\" \/><\/a> <a href=\"https:\/\/vsscheibbs.ac.at\/wp\/wp-content\/uploads\/2016\/02\/Automatisationsk\u00e4rtchen-ZR10-Minus-Zehnerrechnungen.pdf\" target=\"_blank\" rel=\"\">Automatisationsk\u00e4rtchen-ZR10-Minus-Zehnerrechnungen<\/a><\/h6>\n<h6><a href=\"https:\/\/vsscheibbs.ac.at\/wp\/wp-content\/uploads\/2016\/02\/Automatisationsk%C3%A4rtchen-ZR10-Minusrechnungen-mit-2.pdf\" target=\"_blank\"><img loading=\"lazy\" decoding=\"async\" class=\"alignnone wp-image-396 size-full\" src=\"https:\/\/vsscheibbs.ac.at\/wp\/wp-content\/uploads\/2016\/02\/Adobe_PDF_file_icon_32x32.png\" alt=\"Adobe_PDF_file_icon_32x32\" width=\"32\" height=\"32\" \/><\/a> <a href=\"https:\/\/vsscheibbs.ac.at\/wp\/wp-content\/uploads\/2016\/02\/Automatisationsk\u00e4rtchen-ZR10-Minusrechnungen-mit-2.pdf\" target=\"_blank\" rel=\"\">Automatisationsk\u00e4rtchen-ZR10-Minusrechnungen mit 2<\/a><\/h6>\n<h6><a href=\"https:\/\/vsscheibbs.ac.at\/wp\/wp-content\/uploads\/2016\/02\/Automatisationsk%C3%A4rtchen-ZR10-restliche-Minusrechnungen.pdf\" target=\"_blank\"><img loading=\"lazy\" decoding=\"async\" class=\"alignnone wp-image-396 size-full\" src=\"https:\/\/vsscheibbs.ac.at\/wp\/wp-content\/uploads\/2016\/02\/Adobe_PDF_file_icon_32x32.png\" alt=\"Adobe_PDF_file_icon_32x32\" width=\"32\" height=\"32\" \/><\/a> <a href=\"https:\/\/vsscheibbs.ac.at\/wp\/wp-content\/uploads\/2016\/02\/Automatisationsk\u00e4rtchen-ZR10-restliche-Minusrechnungen.pdf\" target=\"_blank\" rel=\"\">Automatisationsk\u00e4rtchen-ZR10-restliche Minusrechnungen<\/a><\/h6>\n","protected":false},"excerpt":{"rendered":"<p>Automatisationsk\u00e4rtchen-ZR10-Minusrechnungen mit 0 Automatisationsk\u00e4rtchen-ZR10-Minusrechnungen mit 1 Automatisationsk\u00e4rtchen-ZR10-Minusrechnungen-Fingerbilder Automatisationsk\u00e4rtchen-ZR10-Minusrechnungen-Paerchen Automatisationsk\u00e4rtchen-ZR10-Minus-Zehnerrechnungen Automatisationsk\u00e4rtchen-ZR10-Minusrechnungen mit 2 Automatisationsk\u00e4rtchen-ZR10-restliche Minusrechnungen<\/p>\n","protected":false},"author":1,"featured_media":0,"parent":0,"menu_order":0,"comment_status":"closed","ping_status":"closed","template":"","meta":{"ngg_post_thumbnail":0,"footnotes":""},"class_list":["post-462","page","type-page","status-publish","hentry"],"_links":{"self":[{"href":"https:\/\/vsscheibbs.ac.at\/index.php?rest_route=\/wp\/v2\/pages\/462","targetHints":{"allow":["GET"]}}],"collection":[{"href":"https:\/\/vsscheibbs.ac.at\/index.php?rest_route=\/wp\/v2\/pages"}],"about":[{"href":"https:\/\/vsscheibbs.ac.at\/index.php?rest_route=\/wp\/v2\/types\/page"}],"author":[{"embeddable":true,"href":"https:\/\/vsscheibbs.ac.at\/index.php?rest_route=\/wp\/v2\/users\/1"}],"replies":[{"embeddable":true,"href":"https:\/\/vsscheibbs.ac.at\/index.php?rest_route=%2Fwp%2Fv2%2Fcomments&post=462"}],"version-history":[{"count":2,"href":"https:\/\/vsscheibbs.ac.at\/index.php?rest_route=\/wp\/v2\/pages\/462\/revisions"}],"predecessor-version":[{"id":479,"href":"https:\/\/vsscheibbs.ac.at\/index.php?rest_route=\/wp\/v2\/pages\/462\/revisions\/479"}],"wp:attachment":[{"href":"https:\/\/vsscheibbs.ac.at\/index.php?rest_route=%2Fwp%2Fv2%2Fmedia&parent=462"}],"curies":[{"name":"wp","href":"https:\/\/api.w.org\/{rel}","templated":true}]}}