{"id":445,"date":"2016-02-04T18:52:14","date_gmt":"2016-02-04T17:52:14","guid":{"rendered":"http:\/\/vsscheibbs.ac.at\/wp\/?page_id=445"},"modified":"2016-02-04T18:52:14","modified_gmt":"2016-02-04T17:52:14","slug":"zerlegungen-automatisationskaertchen","status":"publish","type":"page","link":"https:\/\/vsscheibbs.ac.at\/?page_id=445","title":{"rendered":"Zerlegungen-Automatisationsk\u00e4rtchen"},"content":{"rendered":"<h6><a href=\"https:\/\/vsscheibbs.ac.at\/wp\/wp-content\/uploads\/2016\/02\/Automatisationsk%C3%A4rtchen-Zerlegung-Fingerbild.pdf\" target=\"_blank\"><img loading=\"lazy\" decoding=\"async\" class=\"alignnone wp-image-396 size-full\" src=\"https:\/\/vsscheibbs.ac.at\/wp\/wp-content\/uploads\/2016\/02\/Adobe_PDF_file_icon_32x32.png\" alt=\"Adobe_PDF_file_icon_32x32\" width=\"32\" height=\"32\" \/><\/a> <a href=\"https:\/\/vsscheibbs.ac.at\/wp\/wp-content\/uploads\/2016\/02\/Automatisationsk\u00e4rtchen-Zerlegung-Fingerbild.pdf\" target=\"_blank\" rel=\"\">Automatisationsk\u00e4rtchen-Zerlegung-Fingerbild<\/a><\/h6>\n<h6><a href=\"https:\/\/vsscheibbs.ac.at\/wp\/wp-content\/uploads\/2016\/02\/Automatisationsk%C3%A4rtchen-Zerlegung-Paerchen.pdf\" target=\"_blank\"><img loading=\"lazy\" decoding=\"async\" class=\"alignnone wp-image-396 size-full\" src=\"https:\/\/vsscheibbs.ac.at\/wp\/wp-content\/uploads\/2016\/02\/Adobe_PDF_file_icon_32x32.png\" alt=\"Adobe_PDF_file_icon_32x32\" width=\"32\" height=\"32\" \/><\/a> <a href=\"https:\/\/vsscheibbs.ac.at\/wp\/wp-content\/uploads\/2016\/02\/Automatisationsk\u00e4rtchen-Zerlegung-Paerchen.pdf\" target=\"_blank\" rel=\"\">Automatisationsk\u00e4rtchen-Zerlegung-Paerchen<\/a><\/h6>\n<h6><a href=\"https:\/\/vsscheibbs.ac.at\/wp\/wp-content\/uploads\/2016\/02\/Automatisationsk%C3%A4rtchen-Zerlegungen-von-10.pdf\" target=\"_blank\"><img loading=\"lazy\" decoding=\"async\" class=\"alignnone wp-image-396 size-full\" src=\"https:\/\/vsscheibbs.ac.at\/wp\/wp-content\/uploads\/2016\/02\/Adobe_PDF_file_icon_32x32.png\" alt=\"Adobe_PDF_file_icon_32x32\" width=\"32\" height=\"32\" \/><\/a> <a href=\"https:\/\/vsscheibbs.ac.at\/wp\/wp-content\/uploads\/2016\/02\/Automatisationsk\u00e4rtchen-Zerlegungen-von-10.pdf\" target=\"_blank\" rel=\"\">Automatisationsk\u00e4rtchen-Zerlegungen von 10<\/a><\/h6>\n<h6><a href=\"https:\/\/vsscheibbs.ac.at\/wp\/wp-content\/uploads\/2016\/02\/Automatisationsk%C3%A4rtchen-Zerlegungen-mit-1.pdf\" target=\"_blank\"><img loading=\"lazy\" decoding=\"async\" class=\"alignnone wp-image-396 size-full\" src=\"https:\/\/vsscheibbs.ac.at\/wp\/wp-content\/uploads\/2016\/02\/Adobe_PDF_file_icon_32x32.png\" alt=\"Adobe_PDF_file_icon_32x32\" width=\"32\" height=\"32\" \/><\/a> <a href=\"https:\/\/vsscheibbs.ac.at\/wp\/wp-content\/uploads\/2016\/02\/Automatisationsk\u00e4rtchen-Zerlegungen-mit-1.pdf\" target=\"_blank\" rel=\"\">Automatisationsk\u00e4rtchen-Zerlegungen mit 1<\/a><\/h6>\n<h6><a href=\"https:\/\/vsscheibbs.ac.at\/wp\/wp-content\/uploads\/2016\/02\/Automatisationsk%C3%A4rtchen-Zerlegungen-mit-2.pdf\" target=\"_blank\"><img loading=\"lazy\" decoding=\"async\" class=\"alignnone wp-image-396 size-full\" src=\"https:\/\/vsscheibbs.ac.at\/wp\/wp-content\/uploads\/2016\/02\/Adobe_PDF_file_icon_32x32.png\" alt=\"Adobe_PDF_file_icon_32x32\" width=\"32\" height=\"32\" \/><\/a> <a href=\"https:\/\/vsscheibbs.ac.at\/wp\/wp-content\/uploads\/2016\/02\/Automatisationsk\u00e4rtchen-Zerlegungen-mit-2.pdf\" target=\"_blank\" rel=\"\">Automatisationsk\u00e4rtchen-Zerlegungen mit 2<\/a><\/h6>\n<h6><a href=\"https:\/\/vsscheibbs.ac.at\/wp\/wp-content\/uploads\/2016\/02\/Automatisationsk%C3%A4rtchen-Zerlegungen-restliche.pdf\" target=\"_blank\"><img loading=\"lazy\" decoding=\"async\" class=\"alignnone wp-image-396 size-full\" src=\"https:\/\/vsscheibbs.ac.at\/wp\/wp-content\/uploads\/2016\/02\/Adobe_PDF_file_icon_32x32.png\" alt=\"Adobe_PDF_file_icon_32x32\" width=\"32\" height=\"32\" \/><\/a> <a href=\"https:\/\/vsscheibbs.ac.at\/wp\/wp-content\/uploads\/2016\/02\/Automatisationsk\u00e4rtchen-Zerlegungen-restliche.pdf\" target=\"_blank\" rel=\"\">Automatisationsk\u00e4rtchen-Zerlegungen-restliche<\/a><\/h6>\n","protected":false},"excerpt":{"rendered":"<p>Automatisationsk\u00e4rtchen-Zerlegung-Fingerbild Automatisationsk\u00e4rtchen-Zerlegung-Paerchen Automatisationsk\u00e4rtchen-Zerlegungen von 10 Automatisationsk\u00e4rtchen-Zerlegungen mit 1 Automatisationsk\u00e4rtchen-Zerlegungen mit 2 Automatisationsk\u00e4rtchen-Zerlegungen-restliche<\/p>\n","protected":false},"author":1,"featured_media":0,"parent":0,"menu_order":0,"comment_status":"closed","ping_status":"closed","template":"","meta":{"ngg_post_thumbnail":0,"footnotes":""},"class_list":["post-445","page","type-page","status-publish","hentry"],"_links":{"self":[{"href":"https:\/\/vsscheibbs.ac.at\/index.php?rest_route=\/wp\/v2\/pages\/445","targetHints":{"allow":["GET"]}}],"collection":[{"href":"https:\/\/vsscheibbs.ac.at\/index.php?rest_route=\/wp\/v2\/pages"}],"about":[{"href":"https:\/\/vsscheibbs.ac.at\/index.php?rest_route=\/wp\/v2\/types\/page"}],"author":[{"embeddable":true,"href":"https:\/\/vsscheibbs.ac.at\/index.php?rest_route=\/wp\/v2\/users\/1"}],"replies":[{"embeddable":true,"href":"https:\/\/vsscheibbs.ac.at\/index.php?rest_route=%2Fwp%2Fv2%2Fcomments&post=445"}],"version-history":[{"count":2,"href":"https:\/\/vsscheibbs.ac.at\/index.php?rest_route=\/wp\/v2\/pages\/445\/revisions"}],"predecessor-version":[{"id":453,"href":"https:\/\/vsscheibbs.ac.at\/index.php?rest_route=\/wp\/v2\/pages\/445\/revisions\/453"}],"wp:attachment":[{"href":"https:\/\/vsscheibbs.ac.at\/index.php?rest_route=%2Fwp%2Fv2%2Fmedia&parent=445"}],"curies":[{"name":"wp","href":"https:\/\/api.w.org\/{rel}","templated":true}]}}