{"id":322,"date":"2016-02-03T20:27:48","date_gmt":"2016-02-03T19:27:48","guid":{"rendered":"http:\/\/vsscheibbs.ac.at\/wp\/?page_id=322"},"modified":"2016-02-03T20:27:51","modified_gmt":"2016-02-03T19:27:51","slug":"plusaufgaben-im-zahlenraum-10","status":"publish","type":"page","link":"https:\/\/vsscheibbs.ac.at\/?page_id=322","title":{"rendered":"Plusaufgaben im Zahlenraum 10"},"content":{"rendered":"<h6 style=\"text-align: center;\"><span style=\"color: #800000;\">Automatisation der Plusrechnungen im Zahlenraum 10<\/span><\/h6>\n<p>So viele Rechens\u00e4tzchen wie m\u00f6glich durch Ableitungen und Verkn\u00fcpfungen l\u00f6sen k\u00f6nnen (statt zu z\u00e4hlen).<br \/>\n<em><strong>Wenn doch gez\u00e4hlt werden muss:<\/strong> <\/em><br \/>\n&#8211; Finger offen verwenden oder verdeckt (z. B. unter dem Tisch)<br \/>\n&#8211; Finger nicht einzeln\u00a0ausstrecken,\u00a0sondern\u00a0in\u00a0Paketen<\/p>\n<h6 style=\"text-align: center;\"><span style=\"color: #800000;\">M\u00f6gliche Erarbeitungswege im \u00dcberblick<\/span><\/h6>\n<ol>\n<li><span style=\"color: #ff6600;\"><strong> Rechnungen mit 0<\/strong><\/span><br \/>\nz.B.: 6 + 0, 3 + 0, \u2026.<br \/>\n0 + 2, 0 + 9,\u2026..(an Tauschaufgabe denken: 0 + 9 = 9 + 0<br \/>\nin Tabelle anmalen<\/li>\n<li><span style=\"color: #ff6600;\"><strong> Rechnungen mit 1<\/strong><\/span><br \/>\nz.B.: 5 + 1, 3 + 1,<br \/>\n1 + 4, 1 + 8,\u2026. (an Tauschaufgabe denken: 1 + 8 = 8 + 1)<\/li>\n<li><strong><span style=\"color: #ff6600;\"> Fingerbilder (alle Rechnungen mit einer vollen F\u00fcnferhand)<\/span><\/strong><br \/>\nz.B.: 4 + 5, 2 + 5, 5 + 3,\u2026.<br \/>\nergibt immer ein bekanntes Fingerbild<br \/>\nevent.Minusrechnungen mit \u00fcben<br \/>\nz.B.: \u201eZeig mit den Fingern einen Achter!\u201c \u2192 3 Finger + 5 Finger<\/li>\n<\/ol>\n<p>\u2192 3 + 5 = 8\u00a0\u00a0\u00a0\u00a0\u00a0\u00a0\u00a0\u00a0\u00a0\u00a0\u00a0\u00a0\u00a0\u00a0\u00a0\u00a0\u00a0 8 \u2013 5 = 3<\/p>\n<p>5 + 3 = 8\u00a0\u00a0\u00a0\u00a0\u00a0\u00a0\u00a0\u00a0\u00a0\u00a0\u00a0\u00a0\u00a0\u00a0\u00a0\u00a0\u00a0 8 \u2013 3 = 5<\/p>\n<ol start=\"4\">\n<li><span style=\"color: #ff6600;\"><strong> P\u00e4rchen \u00fcben<\/strong><\/span><br \/>\nz.B.: 2 + 2, 3 + 3, 4 + 4,\u2026<\/li>\n<li><span style=\"color: #ff6600;\"><strong>Rechnungen mit 2 (Nachbarrechnungen der Rechnungen mit 1)<\/strong><\/span><br \/>\nz.B.: wenn 6 + 1 = 7, dann muss 6 + 2 gleich 8 sein<\/li>\n<\/ol>\n<ol start=\"6\">\n<li><span style=\"color: #ff6600;\"><strong> Rechnungen genau auf 10<\/strong><\/span><br \/>\nz.B.: 7 + 3, 8 + 2, 6 + 4, \u2026.<br \/>\n\u201eDenke an das Fingerbild. Wie viele Finger sind gestreckt, wie viele gebeugt?\u201c<\/li>\n<\/ol>\n<ol start=\"7\">\n<li><span style=\"color: #ff6600;\"><strong> Rest der Plusrechnungen bis 10<\/strong> <\/span><\/li>\n<\/ol>\n<h6 style=\"text-align: center;\"><span style=\"color: #800000;\"><strong>Zusammenhang zu der Minusrechnung immer wieder herstellen, erleichtert das Automatisieren der Minusaufgabenz.<br \/>\nz.B.:\u00a0\u00a0\u00a0\u00a0\u00a0\u00a0 3 + 4 \u2026\u2026\u2026 \u201eWelche Minusrechnung passt dazu?\u201c<\/strong><\/span><br \/>\n<span style=\"color: #800000;\"><strong>Bewusstmachung, dass Minus immer mit der gro\u00dfen \/ ganzen Zahl beginnt<\/strong><\/span><\/h6>\n","protected":false},"excerpt":{"rendered":"<p>Automatisation der Plusrechnungen im Zahlenraum 10 So viele Rechens\u00e4tzchen wie m\u00f6glich durch Ableitungen und Verkn\u00fcpfungen l\u00f6sen k\u00f6nnen (statt zu z\u00e4hlen). Wenn doch gez\u00e4hlt werden muss: &#8211; Finger offen verwenden oder verdeckt (z. B. unter dem Tisch) &#8211; Finger nicht einzeln\u00a0ausstrecken,\u00a0sondern\u00a0in\u00a0Paketen M\u00f6gliche Erarbeitungswege im \u00dcberblick Rechnungen mit 0 z.B.: 6 + 0, 3 + 0, \u2026. &hellip; <a href=\"https:\/\/vsscheibbs.ac.at\/?page_id=322\" class=\"more-link\"><span class=\"screen-reader-text\">Plusaufgaben im Zahlenraum 10<\/span> weiterlesen <span class=\"meta-nav\">&rarr;<\/span><\/a><\/p>\n","protected":false},"author":1,"featured_media":0,"parent":0,"menu_order":0,"comment_status":"closed","ping_status":"closed","template":"","meta":{"ngg_post_thumbnail":0,"footnotes":""},"class_list":["post-322","page","type-page","status-publish","hentry"],"_links":{"self":[{"href":"https:\/\/vsscheibbs.ac.at\/index.php?rest_route=\/wp\/v2\/pages\/322","targetHints":{"allow":["GET"]}}],"collection":[{"href":"https:\/\/vsscheibbs.ac.at\/index.php?rest_route=\/wp\/v2\/pages"}],"about":[{"href":"https:\/\/vsscheibbs.ac.at\/index.php?rest_route=\/wp\/v2\/types\/page"}],"author":[{"embeddable":true,"href":"https:\/\/vsscheibbs.ac.at\/index.php?rest_route=\/wp\/v2\/users\/1"}],"replies":[{"embeddable":true,"href":"https:\/\/vsscheibbs.ac.at\/index.php?rest_route=%2Fwp%2Fv2%2Fcomments&post=322"}],"version-history":[{"count":1,"href":"https:\/\/vsscheibbs.ac.at\/index.php?rest_route=\/wp\/v2\/pages\/322\/revisions"}],"predecessor-version":[{"id":323,"href":"https:\/\/vsscheibbs.ac.at\/index.php?rest_route=\/wp\/v2\/pages\/322\/revisions\/323"}],"wp:attachment":[{"href":"https:\/\/vsscheibbs.ac.at\/index.php?rest_route=%2Fwp%2Fv2%2Fmedia&parent=322"}],"curies":[{"name":"wp","href":"https:\/\/api.w.org\/{rel}","templated":true}]}}