{"id":316,"date":"2016-02-03T19:59:08","date_gmt":"2016-02-03T18:59:08","guid":{"rendered":"http:\/\/vsscheibbs.ac.at\/wp\/?page_id=316"},"modified":"2016-02-03T19:59:08","modified_gmt":"2016-02-03T18:59:08","slug":"wie-gehe-ich-vor","status":"publish","type":"page","link":"https:\/\/vsscheibbs.ac.at\/?page_id=316","title":{"rendered":"Wie gehe ich vor?"},"content":{"rendered":"<h6><span style=\"color: #800000;\">Vorgehensweise:<\/span><\/h6>\n<ol>\n<li>\u00dcbungspartner zeigt das K\u00e4rtchen einer\u00a0 Kategorie<\/li>\n<li>Entweder das Kind wei\u00df die L\u00f6sung spontan oder muss nachdenken bzw. braucht Hilfe<\/li>\n<li>\u00dcbungspartner ordnet das K\u00e4rtchen in das entsprechende Fach ein (s. unten)<\/li>\n<li>Auf der Tafel k\u00f6nnen die entsprechenden Rechnungen (Kategorie) bemalt werden (Tafel wird immer bunter)<\/li>\n<li>Abgefragte K\u00e4rtchen sollen erst \u00a0am n\u00e4chsten Tag wieder bearbeitet werden<\/li>\n<\/ol>\n<h6><span style=\"color: #800000;\">Einordnung ins entsprechende Fach:<\/span><\/h6>\n<ol>\n<li>L\u00f6sung spontan richtig, d. h. innerhalb von 2 bis 3 Sekunden \u2192 K\u00e4rtchen darf in das n\u00e4chste Fach der Box<\/li>\n<\/ol>\n<ol start=\"2\">\n<li>L\u00f6sung ist falsch oder z\u00f6gerlich (dauert l\u00e4nger als 3 Sek.). In diesem Fall sollte das Kind auf die richtige Spur gef\u00fchrt werden z.Bsp.:<br \/>\n\u201eDenke an das P\u00e4rchen!\u201c<br \/>\n\u201eHilft dir das Fingerbild?\u201c<br \/>\n\u201eSt\u00fctzpunkt\u201c visualisieren oder verdeckt (unter dem Tisch das Fingerbild zeigen<br \/>\n\u2192 K\u00e4rtchen bleibt im selben Fach<\/li>\n<\/ol>\n<p>Daraus ergibt sich eine Differenzierung der K\u00e4rtchen in jene, die automatisiert sind und schnell nach hinten ins F\u00fcnferfach wandern und in jene, die vorne h\u00e4ngen bleiben (also schwieriger sind).<\/p>\n","protected":false},"excerpt":{"rendered":"<p>Vorgehensweise: \u00dcbungspartner zeigt das K\u00e4rtchen einer\u00a0 Kategorie Entweder das Kind wei\u00df die L\u00f6sung spontan oder muss nachdenken bzw. braucht Hilfe \u00dcbungspartner ordnet das K\u00e4rtchen in das entsprechende Fach ein (s. unten) Auf der Tafel k\u00f6nnen die entsprechenden Rechnungen (Kategorie) bemalt werden (Tafel wird immer bunter) Abgefragte K\u00e4rtchen sollen erst \u00a0am n\u00e4chsten Tag wieder bearbeitet werden &hellip; <a href=\"https:\/\/vsscheibbs.ac.at\/?page_id=316\" class=\"more-link\"><span class=\"screen-reader-text\">Wie gehe ich vor?<\/span> weiterlesen <span class=\"meta-nav\">&rarr;<\/span><\/a><\/p>\n","protected":false},"author":1,"featured_media":0,"parent":0,"menu_order":0,"comment_status":"closed","ping_status":"closed","template":"","meta":{"ngg_post_thumbnail":0,"footnotes":""},"class_list":["post-316","page","type-page","status-publish","hentry"],"_links":{"self":[{"href":"https:\/\/vsscheibbs.ac.at\/index.php?rest_route=\/wp\/v2\/pages\/316","targetHints":{"allow":["GET"]}}],"collection":[{"href":"https:\/\/vsscheibbs.ac.at\/index.php?rest_route=\/wp\/v2\/pages"}],"about":[{"href":"https:\/\/vsscheibbs.ac.at\/index.php?rest_route=\/wp\/v2\/types\/page"}],"author":[{"embeddable":true,"href":"https:\/\/vsscheibbs.ac.at\/index.php?rest_route=\/wp\/v2\/users\/1"}],"replies":[{"embeddable":true,"href":"https:\/\/vsscheibbs.ac.at\/index.php?rest_route=%2Fwp%2Fv2%2Fcomments&post=316"}],"version-history":[{"count":1,"href":"https:\/\/vsscheibbs.ac.at\/index.php?rest_route=\/wp\/v2\/pages\/316\/revisions"}],"predecessor-version":[{"id":317,"href":"https:\/\/vsscheibbs.ac.at\/index.php?rest_route=\/wp\/v2\/pages\/316\/revisions\/317"}],"wp:attachment":[{"href":"https:\/\/vsscheibbs.ac.at\/index.php?rest_route=%2Fwp%2Fv2%2Fmedia&parent=316"}],"curies":[{"name":"wp","href":"https:\/\/api.w.org\/{rel}","templated":true}]}}