{"id":314,"date":"2016-02-03T19:59:49","date_gmt":"2016-02-03T18:59:49","guid":{"rendered":"http:\/\/vsscheibbs.ac.at\/wp\/?page_id=314"},"modified":"2016-02-03T19:59:53","modified_gmt":"2016-02-03T18:59:53","slug":"was-brauche-ich","status":"publish","type":"page","link":"https:\/\/vsscheibbs.ac.at\/?page_id=314","title":{"rendered":"Was brauche ich?"},"content":{"rendered":"<h6><span style=\"color: #800000;\">Ben\u00f6tigtes Material: <\/span>Karteiboxsystem<\/h6>\n<ul>\n<li>Karteibox (ca.11cm x 6cm)<\/li>\n<li>5 Registerbl\u00e4tter (nummeriert von 1 bis 5)<\/li>\n<li>Automatisationsk\u00e4rtchen (zum Ausdrucken auf der Website vorhanden)<\/li>\n<li>1+1 Tafel<\/li>\n<li>1-1 Tafel<\/li>\n<\/ul>\n","protected":false},"excerpt":{"rendered":"<p>Ben\u00f6tigtes Material: Karteiboxsystem Karteibox (ca.11cm x 6cm) 5 Registerbl\u00e4tter (nummeriert von 1 bis 5) Automatisationsk\u00e4rtchen (zum Ausdrucken auf der Website vorhanden) 1+1 Tafel 1-1 Tafel<\/p>\n","protected":false},"author":1,"featured_media":0,"parent":0,"menu_order":0,"comment_status":"closed","ping_status":"closed","template":"","meta":{"ngg_post_thumbnail":0,"footnotes":""},"class_list":["post-314","page","type-page","status-publish","hentry"],"_links":{"self":[{"href":"https:\/\/vsscheibbs.ac.at\/index.php?rest_route=\/wp\/v2\/pages\/314","targetHints":{"allow":["GET"]}}],"collection":[{"href":"https:\/\/vsscheibbs.ac.at\/index.php?rest_route=\/wp\/v2\/pages"}],"about":[{"href":"https:\/\/vsscheibbs.ac.at\/index.php?rest_route=\/wp\/v2\/types\/page"}],"author":[{"embeddable":true,"href":"https:\/\/vsscheibbs.ac.at\/index.php?rest_route=\/wp\/v2\/users\/1"}],"replies":[{"embeddable":true,"href":"https:\/\/vsscheibbs.ac.at\/index.php?rest_route=%2Fwp%2Fv2%2Fcomments&post=314"}],"version-history":[{"count":1,"href":"https:\/\/vsscheibbs.ac.at\/index.php?rest_route=\/wp\/v2\/pages\/314\/revisions"}],"predecessor-version":[{"id":315,"href":"https:\/\/vsscheibbs.ac.at\/index.php?rest_route=\/wp\/v2\/pages\/314\/revisions\/315"}],"wp:attachment":[{"href":"https:\/\/vsscheibbs.ac.at\/index.php?rest_route=%2Fwp%2Fv2%2Fmedia&parent=314"}],"curies":[{"name":"wp","href":"https:\/\/api.w.org\/{rel}","templated":true}]}}