{"id":290,"date":"2016-02-03T15:26:11","date_gmt":"2016-02-03T14:26:11","guid":{"rendered":"http:\/\/vsscheibbs.ac.at\/wp\/?page_id=290"},"modified":"2016-02-03T15:32:09","modified_gmt":"2016-02-03T14:32:09","slug":"anmeldung","status":"publish","type":"page","link":"https:\/\/vsscheibbs.ac.at\/?page_id=290","title":{"rendered":"Anmeldung"},"content":{"rendered":"<p><strong><span style=\"color: #800000;\">Erstanmeldung:<\/span><\/strong><br \/>\nDirektion der Volksschule Scheibbs, f\u00fcr 2 bis 5 Tage pro Woche.<br \/>\nAngemeldete Sch\u00fclerInnen sind\u00a0verpflichtet, den Betreuungsteil regelm\u00e4\u00dfig zu besuchen.<\/p>\n<p><strong><span style=\"color: #800000;\">Pl\u00f6tzliche Verhinderung:<\/span><\/strong><br \/>\nMitteilung ausschlie\u00dflich an die Stadtgemeinde Scheibbs unter 42511-23\u00a0 bis sp\u00e4testens 9:00 (damit das Mittagessen noch storniert werden kann).<\/p>\n<p><span style=\"color: #800000;\"><strong>\u00c4nderung von Betreuungstagen nur aus zwingenden Gr\u00fcnden:<\/strong><br \/>\n<\/span>Zum Beispiel\u00a0bei neuen Dienstpl\u00e4nen u.\u00e4.; Bekanntgabe ehestm\u00f6glich bei der Stadtgemeinde unter 42511-23.<\/p>\n","protected":false},"excerpt":{"rendered":"<p>Erstanmeldung: Direktion der Volksschule Scheibbs, f\u00fcr 2 bis 5 Tage pro Woche. Angemeldete Sch\u00fclerInnen sind\u00a0verpflichtet, den Betreuungsteil regelm\u00e4\u00dfig zu besuchen. Pl\u00f6tzliche Verhinderung: Mitteilung ausschlie\u00dflich an die Stadtgemeinde Scheibbs unter 42511-23\u00a0 bis sp\u00e4testens 9:00 (damit das Mittagessen noch storniert werden kann). \u00c4nderung von Betreuungstagen nur aus zwingenden Gr\u00fcnden: Zum Beispiel\u00a0bei neuen Dienstpl\u00e4nen u.\u00e4.; Bekanntgabe ehestm\u00f6glich bei &hellip; <a href=\"https:\/\/vsscheibbs.ac.at\/?page_id=290\" class=\"more-link\"><span class=\"screen-reader-text\">Anmeldung<\/span> weiterlesen <span class=\"meta-nav\">&rarr;<\/span><\/a><\/p>\n","protected":false},"author":1,"featured_media":0,"parent":0,"menu_order":0,"comment_status":"closed","ping_status":"closed","template":"","meta":{"ngg_post_thumbnail":0,"footnotes":""},"class_list":["post-290","page","type-page","status-publish","hentry"],"_links":{"self":[{"href":"https:\/\/vsscheibbs.ac.at\/index.php?rest_route=\/wp\/v2\/pages\/290","targetHints":{"allow":["GET"]}}],"collection":[{"href":"https:\/\/vsscheibbs.ac.at\/index.php?rest_route=\/wp\/v2\/pages"}],"about":[{"href":"https:\/\/vsscheibbs.ac.at\/index.php?rest_route=\/wp\/v2\/types\/page"}],"author":[{"embeddable":true,"href":"https:\/\/vsscheibbs.ac.at\/index.php?rest_route=\/wp\/v2\/users\/1"}],"replies":[{"embeddable":true,"href":"https:\/\/vsscheibbs.ac.at\/index.php?rest_route=%2Fwp%2Fv2%2Fcomments&post=290"}],"version-history":[{"count":4,"href":"https:\/\/vsscheibbs.ac.at\/index.php?rest_route=\/wp\/v2\/pages\/290\/revisions"}],"predecessor-version":[{"id":299,"href":"https:\/\/vsscheibbs.ac.at\/index.php?rest_route=\/wp\/v2\/pages\/290\/revisions\/299"}],"wp:attachment":[{"href":"https:\/\/vsscheibbs.ac.at\/index.php?rest_route=%2Fwp%2Fv2%2Fmedia&parent=290"}],"curies":[{"name":"wp","href":"https:\/\/api.w.org\/{rel}","templated":true}]}}