{"id":287,"date":"2016-02-03T15:26:23","date_gmt":"2016-02-03T14:26:23","guid":{"rendered":"http:\/\/vsscheibbs.ac.at\/wp\/?page_id=287"},"modified":"2016-02-03T15:32:54","modified_gmt":"2016-02-03T14:32:54","slug":"ganztagsbetreuung","status":"publish","type":"page","link":"https:\/\/vsscheibbs.ac.at\/?page_id=287","title":{"rendered":"Ganztagsbetreuung"},"content":{"rendered":"<h4 style=\"text-align: center;\"><span style=\"color: #800000;\"><strong><u>GTS<\/u><\/strong><strong> = <u>G<\/u>ANZ<u>T<\/u>\u00c4GIGE <u>S<\/u>CHULFORM<\/strong><\/span><\/h4>\n<h6 style=\"text-align: center;\"><strong>An der VS Scheibbs gibt es seit 2005 die freiwillige ganzt\u00e4gige Schulform:<br \/>\n= additive ganzt\u00e4gige Schulform<br \/>\n= &#8222;Ganztagsbetreuung&#8220;\u00a0= &#8222;Schulische Tagesbetreuung&#8220;<\/strong><\/h6>\n<p><em>Der Betreuungsteil schlie\u00dft an den Unterrichtsteil an.<br \/>\nAlle schulischen Gesetze und Bestimmungen gelten auch f\u00fcr den Betreuungsteil.<br \/>\n<\/em><span style=\"color: #800000;\"><br \/>\n<strong>Betreuungsort:<\/strong><\/span> VS-Geb\u00e4ude, 2. Stock (links, Raum 20)<\/p>\n<p><strong><span style=\"color: #800000;\">Betreuungszeit:<\/span><\/strong> Unterrichtsende der Sch\u00fclerInnen bis 16:00 (alle Kinder werden am Schultor entlassen)<\/p>\n<p><span style=\"color: #800000;\"><strong>Mittagessen<\/strong>:<\/span> warmes Men\u00fc (wird vom Landesklinikum Mostviertel Scheibbs geliefert)<\/p>\n<p><strong><span style=\"color: #800000;\">Betreute Freizeit:<\/span><\/strong> vor und nach dem Mittagessen, nach den Lernzeiten bis 16:00; Spiel, Bewegung (im Haus und im Freien), Lesen, Zeichnen, kreatives Gestalten, &#8230;<\/p>\n<p><span style=\"color: #800000;\"><strong>Lernzeiten: <\/strong><\/span>alle Sch\u00fclerInnen gemeinsam: Montag \/ Dienstag \/ Donnerstag \/ Freitag\u00a013:15 &#8211; 14:05, Mittwoch 13:40 &#8211; 14:3<\/p>\n<p>Sch\u00fclerInnen der 1. und 2. Klassen: zus\u00e4tzlich Montag \/ Dienstag \/ Freitag\u00a012:50 &#8211; 13:15<\/p>\n<p>Sch\u00fclerInnen der 3. und 4. Klassen: zus\u00e4tzlich Dienstag und Donnerstag 14:05 &#8211; 14:30<\/p>\n<p>Festigung\/\u00dcbung von aktuellen Lerninhalten und Fertigkeiten in m\u00fcndlicher und auch schriftlicher Form, einschlie\u00dflich Haus\u00fcbungen. Auf Eigenst\u00e4ndigkeit haben die P\u00e4dagoginnen gr\u00f6\u00dften Wert zu legen. Eltern m\u00fcssen bei Bedarf f\u00fcr zus\u00e4tzliches Arbeiten an Lerninhalten und\/oder Erledigen von Aufgetragenem f\u00fcr den Klassenunterricht (z.B. Rechen- bzw. Schreibtraining, Materialien vorbereiten, Mitteilungen lesen, &#8230;) sorgen.<\/p>\n","protected":false},"excerpt":{"rendered":"<p>GTS = GANZT\u00c4GIGE SCHULFORM An der VS Scheibbs gibt es seit 2005 die freiwillige ganzt\u00e4gige Schulform: = additive ganzt\u00e4gige Schulform = &#8222;Ganztagsbetreuung&#8220;\u00a0= &#8222;Schulische Tagesbetreuung&#8220; Der Betreuungsteil schlie\u00dft an den Unterrichtsteil an. Alle schulischen Gesetze und Bestimmungen gelten auch f\u00fcr den Betreuungsteil. Betreuungsort: VS-Geb\u00e4ude, 2. Stock (links, Raum 20) Betreuungszeit: Unterrichtsende der Sch\u00fclerInnen bis 16:00 (alle &hellip; <a href=\"https:\/\/vsscheibbs.ac.at\/?page_id=287\" class=\"more-link\"><span class=\"screen-reader-text\">Ganztagsbetreuung<\/span> weiterlesen <span class=\"meta-nav\">&rarr;<\/span><\/a><\/p>\n","protected":false},"author":1,"featured_media":0,"parent":0,"menu_order":0,"comment_status":"closed","ping_status":"closed","template":"","meta":{"ngg_post_thumbnail":0,"footnotes":""},"class_list":["post-287","page","type-page","status-publish","hentry"],"_links":{"self":[{"href":"https:\/\/vsscheibbs.ac.at\/index.php?rest_route=\/wp\/v2\/pages\/287","targetHints":{"allow":["GET"]}}],"collection":[{"href":"https:\/\/vsscheibbs.ac.at\/index.php?rest_route=\/wp\/v2\/pages"}],"about":[{"href":"https:\/\/vsscheibbs.ac.at\/index.php?rest_route=\/wp\/v2\/types\/page"}],"author":[{"embeddable":true,"href":"https:\/\/vsscheibbs.ac.at\/index.php?rest_route=\/wp\/v2\/users\/1"}],"replies":[{"embeddable":true,"href":"https:\/\/vsscheibbs.ac.at\/index.php?rest_route=%2Fwp%2Fv2%2Fcomments&post=287"}],"version-history":[{"count":5,"href":"https:\/\/vsscheibbs.ac.at\/index.php?rest_route=\/wp\/v2\/pages\/287\/revisions"}],"predecessor-version":[{"id":20372,"href":"https:\/\/vsscheibbs.ac.at\/index.php?rest_route=\/wp\/v2\/pages\/287\/revisions\/20372"}],"wp:attachment":[{"href":"https:\/\/vsscheibbs.ac.at\/index.php?rest_route=%2Fwp%2Fv2%2Fmedia&parent=287"}],"curies":[{"name":"wp","href":"https:\/\/api.w.org\/{rel}","templated":true}]}}