{"id":149,"date":"2016-02-03T13:16:21","date_gmt":"2016-02-03T12:16:21","guid":{"rendered":"http:\/\/vsscheibbs.ac.at\/wp\/?page_id=149"},"modified":"2023-01-22T15:12:06","modified_gmt":"2023-01-22T14:12:06","slug":"warteklasse","status":"publish","type":"page","link":"https:\/\/vsscheibbs.ac.at\/?page_id=149","title":{"rendered":"Warteklasse"},"content":{"rendered":"<p><span style=\"color: #800000;\"><strong><img loading=\"lazy\" decoding=\"async\" class=\"wp-image-159 aligncenter\" src=\"https:\/\/vsscheibbs.ac.at\/wp\/wp-content\/uploads\/2016\/02\/j0286776.gif\" alt=\"j0286776\" width=\"91\" height=\"89\"><\/strong><\/span><\/p>\n<h4><span style=\"color: #800000;\">&#8230; ein Angebot f\u00fcr &#8222;Buskinder&#8220;! &#8230;<\/span><\/h4>\n<ul style=\"list-style-type: disc;\">\n<li><strong><span style=\"text-decoration: underline;\">Beaufsichtigung:<\/span>&nbsp;<\/strong><\/li>\n<li><strong><span style=\"text-decoration: underline;\">Tage:<\/span>&nbsp;am Morgen&nbsp;t\u00e4glich; nach dem Unterricht t\u00e4glich au\u00dfer Mittwoch<\/strong><\/li>\n<li><strong><span style=\"text-decoration: underline;\">Zeiten:<\/span> in der Fr\u00fch 6:45 bis 7:40; zu Mittag 11:40 bis maximal 13:30<\/strong><\/li>\n<li><strong><span style=\"text-decoration: underline;\">Kosten:<\/span> tr\u00e4gt der Schulerhalter (Stadtgemeinde Scheibbs)<\/strong><\/li>\n<\/ul>\n<p><span style=\"color: #800000;\"><em><strong>Anmeldung: zu Schulbeginn&nbsp;<\/strong><\/em><\/span><\/p>\n","protected":false},"excerpt":{"rendered":"<p>&#8230; ein Angebot f\u00fcr &#8222;Buskinder&#8220;! &#8230; Beaufsichtigung:&nbsp; Tage:&nbsp;am Morgen&nbsp;t\u00e4glich; nach dem Unterricht t\u00e4glich au\u00dfer Mittwoch Zeiten: in der Fr\u00fch 6:45 bis 7:40; zu Mittag 11:40 bis maximal 13:30 Kosten: tr\u00e4gt der Schulerhalter (Stadtgemeinde Scheibbs) Anmeldung: zu Schulbeginn&nbsp;<\/p>\n","protected":false},"author":1,"featured_media":0,"parent":0,"menu_order":0,"comment_status":"closed","ping_status":"closed","template":"","meta":{"ngg_post_thumbnail":0,"footnotes":""},"class_list":["post-149","page","type-page","status-publish","hentry"],"_links":{"self":[{"href":"https:\/\/vsscheibbs.ac.at\/index.php?rest_route=\/wp\/v2\/pages\/149","targetHints":{"allow":["GET"]}}],"collection":[{"href":"https:\/\/vsscheibbs.ac.at\/index.php?rest_route=\/wp\/v2\/pages"}],"about":[{"href":"https:\/\/vsscheibbs.ac.at\/index.php?rest_route=\/wp\/v2\/types\/page"}],"author":[{"embeddable":true,"href":"https:\/\/vsscheibbs.ac.at\/index.php?rest_route=\/wp\/v2\/users\/1"}],"replies":[{"embeddable":true,"href":"https:\/\/vsscheibbs.ac.at\/index.php?rest_route=%2Fwp%2Fv2%2Fcomments&post=149"}],"version-history":[{"count":10,"href":"https:\/\/vsscheibbs.ac.at\/index.php?rest_route=\/wp\/v2\/pages\/149\/revisions"}],"predecessor-version":[{"id":26223,"href":"https:\/\/vsscheibbs.ac.at\/index.php?rest_route=\/wp\/v2\/pages\/149\/revisions\/26223"}],"wp:attachment":[{"href":"https:\/\/vsscheibbs.ac.at\/index.php?rest_route=%2Fwp%2Fv2%2Fmedia&parent=149"}],"curies":[{"name":"wp","href":"https:\/\/api.w.org\/{rel}","templated":true}]}}