{"id":109,"date":"2016-02-03T11:09:02","date_gmt":"2016-02-03T10:09:02","guid":{"rendered":"http:\/\/vsscheibbs.ac.at\/wp\/?page_id=109"},"modified":"2016-02-03T13:39:21","modified_gmt":"2016-02-03T12:39:21","slug":"impressum","status":"publish","type":"page","link":"https:\/\/vsscheibbs.ac.at\/?page_id=109","title":{"rendered":"Impressum"},"content":{"rendered":"\n<table id=\"tablepress-3\" class=\"tablepress tablepress-id-3\">\n<thead>\n<tr class=\"row-1 odd\">\n\t<th colspan=\"2\" class=\"column-1\">(Offenlegung gem\u00e4\u00df \u00a725 Mediengesetz)<\/th>\n<\/tr>\n<\/thead>\n<tbody class=\"row-hover\">\n<tr class=\"row-2 even\">\n\t<td class=\"column-1\">Medieninhaber:<br \/>\n<br \/>\n<br \/>\n<\/td><td class=\"column-2\">Volksschule Scheibbs<br \/>\nA-3270 Scheibbs<br \/>\nSchulgasse 7 <\/td>\n<\/tr>\n<tr class=\"row-3 odd\">\n\t<td class=\"column-1\">Webmaster:<\/td><td class=\"column-2\">Dipl. P\u00e4d. SOL Ingrid F\u00fcsselberger<\/td>\n<\/tr>\n<tr class=\"row-4 even\">\n\t<td class=\"column-1\">Redaktion:<\/td><td class=\"column-2\">Direktorin und LehrerInnen der VS Scheibbs<\/td>\n<\/tr>\n<tr class=\"row-5 odd\">\n\t<td class=\"column-1\">Ausrichtung:<\/td><td class=\"column-2\">Darstellung der Schule, Informationen und Berichte \u00fcber das schulische Geschehen<\/td>\n<\/tr>\n<tr class=\"row-6 even\">\n\t<td class=\"column-1\">Haftung:<\/td><td class=\"column-2\">Wir bem\u00fchen uns, alle ver\u00f6ffentlichten Inhalte so gr\u00fcndlich wie m\u00f6glich zu recherchieren und sie topaktuell zu halten. Dennoch kann die VS Scheibbs keine Gew\u00e4hr f\u00fcr die vollst\u00e4ndige Richtigkeit \u00fcbernehmen.<br \/>\nEine Haftung f\u00fcr Sch\u00e4den, die sich aus der Verwendung der abgerufenen Informationen und Dienste ergeben, ist ausgeschlossen. <\/td>\n<\/tr>\n<\/tbody>\n<\/table>\n<!-- #tablepress-3 from cache -->\n","protected":false},"excerpt":{"rendered":"","protected":false},"author":1,"featured_media":0,"parent":0,"menu_order":0,"comment_status":"closed","ping_status":"closed","template":"","meta":{"ngg_post_thumbnail":0,"footnotes":""},"class_list":["post-109","page","type-page","status-publish","hentry"],"_links":{"self":[{"href":"https:\/\/vsscheibbs.ac.at\/index.php?rest_route=\/wp\/v2\/pages\/109","targetHints":{"allow":["GET"]}}],"collection":[{"href":"https:\/\/vsscheibbs.ac.at\/index.php?rest_route=\/wp\/v2\/pages"}],"about":[{"href":"https:\/\/vsscheibbs.ac.at\/index.php?rest_route=\/wp\/v2\/types\/page"}],"author":[{"embeddable":true,"href":"https:\/\/vsscheibbs.ac.at\/index.php?rest_route=\/wp\/v2\/users\/1"}],"replies":[{"embeddable":true,"href":"https:\/\/vsscheibbs.ac.at\/index.php?rest_route=%2Fwp%2Fv2%2Fcomments&post=109"}],"version-history":[{"count":6,"href":"https:\/\/vsscheibbs.ac.at\/index.php?rest_route=\/wp\/v2\/pages\/109\/revisions"}],"predecessor-version":[{"id":178,"href":"https:\/\/vsscheibbs.ac.at\/index.php?rest_route=\/wp\/v2\/pages\/109\/revisions\/178"}],"wp:attachment":[{"href":"https:\/\/vsscheibbs.ac.at\/index.php?rest_route=%2Fwp%2Fv2%2Fmedia&parent=109"}],"curies":[{"name":"wp","href":"https:\/\/api.w.org\/{rel}","templated":true}]}}